 10. Let q be m(-5). Suppose 237 + q = 4*x. Calculate the highest common factor of x and h.
7
Let m(n) = -2*n + 16. Let a be m(7). Calculate the highest common factor of a and 7.
1
Let l = 13 + -3. Let o be -2*3*(0 + -1). Let u(a) = a + 4. Let b be u(o). What is the greatest common factor of l and b?
10
Suppose 550 - 172 = 3*l. Calculate the highest common divisor of 18 and l.
18
Suppose -3*i + 5 = -1. What is the greatest common divisor of i and 4?
2
Suppose 0 = -5*x - 4*v + 103, 16 = x - 4*v - 19. Calculate the highest common divisor of x and 161.
23
Suppose 2*o - 7 - 5 = 0. Let p(l) = l**2 - 5*l - 2. Let q be p(o). Let x be q/(-2) - (1 - 11). What is the greatest common divisor of 12 and x?
4
Let w(n) = 4*n**2 - 6*n - 8. Suppose -14 = 5*k + 6. Let x be w(k). Calculate the greatest common factor of x and 16.
16
Let p(g) = -g**2 + 3. Let x(q) = -q**2 - 6*q + 7. Let f be x(-7). Let a be p(f). Suppose k = -a*k + 56. Calculate the greatest common factor of k and 28.
14
Suppose -4*a = -2*a - 114. Let p be a - 5/(20/(-12)). Let y(j) = -j**3 + j**2 + 6. Let o be y(0). Calculate the greatest common divisor of p and o.
6
Suppose 9*m = 4*m + 15. Calculate the highest common divisor of 12 and m.
3
Let j = -10 + 15. Suppose -237 = -3*h - j*i + 126, 4*i + 363 = 3*h. Calculate the greatest common factor of h and 11.
11
Suppose -2*g + 4*y + 76 = 0, -y + 265 = 5*g + 4*y. What is the highest common divisor of g and 12?
12
Let p be 269 - 11 - (0 + 2). Calculate the greatest common factor of p and 32.
32
Let l be 85/34*(-90)/(1*-3). What is the highest common divisor of 50 and l?
25
Let q(u) = -11*u - 43. Let n be q(-17). Calculate the highest common factor of n and 18.
18
Let u = 101 + -70. Calculate the highest common divisor of u and 155.
31
Suppose 2 = r - 10. What is the highest common divisor of r and 12?
12
Let h be (-3)/6 - (-1011)/6. Calculate the greatest common divisor of 21 and h.
21
Suppose 9 + 7 = 2*l. Calculate the greatest common factor of l and 8.
8
Suppose 0 = 124*z - 125*z + 7. What is the greatest common factor of z and 49?
7
Let b be (16/6)/((-46)/(-69)). What is the highest common factor of b and 10?
2
Suppose -19*g - 44 = -21*g. What is the greatest common divisor of g and 242?
22
Let w(q) = q**3 - 22*q**2 + 24*q - 27. Let h be w(21). Suppose 0 = 4*p - 15 - 21. What is the greatest common divisor of h and p?
9
Let s be -1 + 2 + 1 + 17. Suppose 4*k + 5*x = k + s, 39 = 5*k + x. Suppose -3*t = -k*t + 60. What is the greatest common divisor of t and 8?
4
Suppose p - 10 = 17. Suppose -5*u - 2*f = -100, -4*u + 87 = 3*f - 0. Calculate the greatest common divisor of p and u.
9
Let j(d) = 51*d - 2. Let s(c) = -2*c + 1. Let w be s(-2). Let g be j(w). What is the greatest common factor of g and 23?
23
Let y be (-10)/25 - 507/(-5). Let d = y - -20. Calculate the highest common factor of 11 and d.
11
Suppose -26 = -g - 2*s, -g + 5*s = 4*g - 205. What is the greatest common factor of 4 and g?
4
Suppose 3*q + 5 - 17 = 0. Let z(c) = c**3 - 4*c**2 + 4*c - 1. Let m be z(q). Let r be (m + -2 - -1)/2. Calculate the greatest common factor of 21 and r.
7
Let y be ((-5)/(-4))/(1/4). Let n = y - 0. What is the greatest common divisor of 25 and n?
5
Let w(o) = o + 6. Let i be w(-6). Let v(z) = 5*z - 5*z + 80 + z. Let a be v(i). What is the highest common factor of 10 and a?
10
Let x(k) = 5*k + 7. Let g(o) = o**2 + 8*o + 12. Let j be g(-7). Let d be x(j). What is the greatest common divisor of 32 and d?
32
Let v be (0 + -5)/(16/(-48)). What is the greatest common factor of 105 and v?
15
Suppose 0*v - 2*v = -c - 12, -2*v + 5*c + 20 = 0. Calculate the highest common factor of 20 and v.
5
Let t be 55/3*(-1 + 4). Suppose 5*k + 91 = 3*j, -3*k + 19 = j + 12. What is the greatest common factor of j and t?
11
Let c(z) = 12*z**2 - z. Let j be c(1). Suppose j = 2*a - a. Suppose 3*d + t - 231 = 0, d = -d - 3*t + 154. Calculate the highest common factor of a and d.
11
Let s be 1/(-4) + (-1026)/(-8). Suppose 5*u = -j - 3*j, -4*u = -j. Let i be u/(-2) + (-32)/(-2). What is the greatest common factor of i and s?
16
Let d be 6/(-3) + (-13)/1. Let x = d + 29. Let b = 195 - 83. What is the greatest common factor of b and x?
14
Suppose 4*o - 7 = 29. Suppose -16*a + 14*a + 36 = 0. What is the highest common divisor of a and o?
9
Suppose 0*g = -3*g. Suppose g = 3*r - 25 - 95. What is the greatest common factor of r and 100?
20
Suppose -l + 4*l = 126. Suppose 6*k - 3*k = l. What is the greatest common factor of k and 21?
7
Let z = 120 + -90. Calculate the greatest common divisor of 270 and z.
30
Let m(z) = 5*z**3 - 2*z**2 + z + 2. Let a be m(2). Calculate the greatest common factor of 24 and a.
12
Suppose -d + 25 = -7. Suppose 3*f - d = f. Calculate the greatest common factor of f and 4.
4
Let a = 35 + -23. Calculate the highest common divisor of a and 60.
12
Suppose -3*m - 3*j = j - 394, -3*m = -4*j - 362. Suppose 8 = h - 6. What is the greatest common factor of m and h?
14
Suppose 0 + 68 = 2*r. Let c = 162 + -77. Calculate the greatest common divisor of r and c.
17
Let c(y) = 2*y - 3. Let s be c(-3). Suppose 7*g - 3*g = 256. Let d be g/6 + (-3)/s. Calculate the greatest common factor of d and 55.
11
Let a(u) = -u**3 - u**2 + u + 16. Let t be a(0). Let w = 497 + -353. Calculate the highest common factor of w and t.
16
Let d(n) = -n**2 - 10*n - 9. Let l be d(-8). Let j(m) = 3*m + 4. Let h be j(l). What is the highest common factor of h and 75?
25
Suppose -6*r + 2*r = l - 282, r - 78 = -4*l. Calculate the greatest common divisor of 14 and r.
14
Suppose -5*d + 5 = -15, 5*d = 2*v - 4. Let c = -6 + v. Suppose -5*h = -0*h - 330. What is the highest common divisor of h and c?
6
Suppose -m = 3*r - 6*r + 26, -9 = -3*r. Let j = -11 - m. Calculate the greatest common divisor of 30 and j.
6
Suppose 9 = 3*c, 0 = 3*b + 2*c - 324 - 357. Let x = -38 + b. Suppose 3*y - 19 = 32. What is the highest common divisor of x and y?
17
Suppose -3*n - p = -6*n + 19, -5*n + 37 = -3*p. Suppose 20 = 4*d, n*x + 4*d + 166 = 516. Calculate the highest common factor of x and 44.
22
Let w(i) = -i**3 + 8*i**2 + 3*i - 3. Let j be w(8). What is the greatest common divisor of j and 3?
3
Let h = -395 + 595. Suppose 0 = 3*q + 2*q - h. What is the greatest common divisor of q and 10?
10
Suppose 3*g + 3 + 0 = 0. Let r be 147/3 + 2 - g. What is the highest common factor of r and 78?
26
Let u be (-60)/(-21)*(-7)/(-2). Let x be (28/5)/(2/u). Let t = -17 + x. Calculate the highest common factor of t and 55.
11
Let k be 2 + (-92)/((-2)/1). Calculate the greatest common factor of k and 32.
16
Let j = 126 - 102. Let o(v) = -2*v + 2. Let u be o(2). Let m be -1 + (-17)/2*u. Calculate the greatest common factor of j and m.
8
Suppose -3*n = 3*t - 207, 2*n + 319 = 4*t + 13. Let i = t + -38. Let d be 12/6 - -13*4. What is the greatest common factor of i and d?
18
Suppose 4*i - 5 = 7. Suppose -n + 5*k + 55 = 0, n = 3*k + 22 + 23. Calculate the highest common divisor of i and n.
3
Let r be (-10)/(((-10)/(-6))/(-5)). What is the highest common divisor of r and 45?
15
Suppose -3*g + 496 + 395 = 0. Calculate the highest common factor of g and 27.
27
Let g(y) = -y**3 - 20*y**2 - 21*y + 10. Let o be g(-19). What is the greatest common factor of o and 240?
48
Let i(c) = c**3 - 3*c**2 - 7*c - 1. Suppose 5*g - 5 = 4*g. Let k be i(g). Calculate the greatest common factor of 2 and k.
2
Suppose -2 = -3*z + x - 3, 0 = 5*x + 10. Let b be 2 + z + 1 - -1. Let f be 2/4*2/1. Calculate the greatest common divisor of b and f.
1
Let a(t) = t**2 - 5*t + 3. Let c be a(6). Let j = 3 + 10. Let u = j - 4. What is the greatest common divisor of u and c?
9
Let u = -277 + 421. What is the greatest common factor of 16 and u?
16
Let z(x) = -x**3 - 6*x**2 - x - 5. Let a be z(-6). Let l(s) = 21*s**3 + s**2 - s. Let b be l(a). What is the greatest common divisor of 7 and b?
7
Let v be (-466)/(-22) + -6 + 2/(-11). What is the highest common divisor of v and 15?
15
Suppose -3*j = 4*x, 5*x - 2*j = -0*j - 23. Let d be (-199)/x + (-2)/6. What is the greatest common divisor of 6 and d?
6
Let t = -26 + 16. Let k be (0 + t)*(1 - 2). Calculate the greatest common divisor of k and 10.
10
Let w be -4 + 1 + -1 - -95. Calculate the highest common factor of 13 and w.
13
Let p(u) = 